{"id":1894,"date":"2020-03-21T14:38:56","date_gmt":"2020-03-21T14:38:56","guid":{"rendered":"https:\/\/www.opravyodevu-rudna.cz\/index.php\/kosik\/"},"modified":"2020-03-21T14:38:56","modified_gmt":"2020-03-21T14:38:56","slug":"kosik","status":"publish","type":"page","link":"https:\/\/www.opravyodevu-rudna.cz\/index.php\/kosik\/","title":{"rendered":"Ko\u0161\u00edk"},"content":{"rendered":"\n","protected":false},"excerpt":{"rendered":"","protected":false},"author":1,"featured_media":0,"parent":0,"menu_order":0,"comment_status":"closed","ping_status":"closed","template":"","meta":{"site-sidebar-layout":"default","site-content-layout":"default","ast-global-header-display":"","ast-main-header-display":"","ast-hfb-above-header-display":"","ast-hfb-below-header-display":"","ast-hfb-mobile-header-display":"","site-post-title":"","ast-breadcrumbs-content":"","ast-featured-img":"","footer-sml-layout":"","theme-transparent-header-meta":"","adv-header-id-meta":"","stick-header-meta":"","header-above-stick-meta":"","header-main-stick-meta":"","header-below-stick-meta":""},"yoast_head":"<!-- This site is optimized with the Yoast SEO plugin v20.1 - https:\/\/yoast.com\/wordpress\/plugins\/seo\/ -->\n<title>Ko\u0161\u00edk -<\/title>\n<meta name=\"robots\" content=\"index, follow, max-snippet:-1, max-image-preview:large, max-video-preview:-1\" \/>\n<link rel=\"canonical\" href=\"https:\/\/www.opravyodevu-rudna.cz\/index.php\/kosik\/\" \/>\n<meta property=\"og:locale\" content=\"cs_CZ\" \/>\n<meta property=\"og:type\" content=\"article\" \/>\n<meta property=\"og:title\" content=\"Ko\u0161\u00edk -\" \/>\n<meta property=\"og:url\" content=\"https:\/\/www.opravyodevu-rudna.cz\/index.php\/kosik\/\" \/>\n<meta name=\"twitter:card\" content=\"summary_large_image\" \/>\n<script type=\"application\/ld+json\" class=\"yoast-schema-graph\">{\"@context\":\"https:\/\/schema.org\",\"@graph\":[{\"@type\":\"WebPage\",\"@id\":\"https:\/\/www.opravyodevu-rudna.cz\/index.php\/kosik\/\",\"url\":\"https:\/\/www.opravyodevu-rudna.cz\/index.php\/kosik\/\",\"name\":\"Ko\u0161\u00edk -\",\"isPartOf\":{\"@id\":\"https:\/\/www.opravyodevu-rudna.cz\/#website\"},\"datePublished\":\"2020-03-21T14:38:56+00:00\",\"dateModified\":\"2020-03-21T14:38:56+00:00\",\"breadcrumb\":{\"@id\":\"https:\/\/www.opravyodevu-rudna.cz\/index.php\/kosik\/#breadcrumb\"},\"inLanguage\":\"cs\",\"potentialAction\":[{\"@type\":\"ReadAction\",\"target\":[\"https:\/\/www.opravyodevu-rudna.cz\/index.php\/kosik\/\"]}]},{\"@type\":\"BreadcrumbList\",\"@id\":\"https:\/\/www.opravyodevu-rudna.cz\/index.php\/kosik\/#breadcrumb\",\"itemListElement\":[{\"@type\":\"ListItem\",\"position\":1,\"name\":\"Dom\u016f\",\"item\":\"https:\/\/www.opravyodevu-rudna.cz\/\"},{\"@type\":\"ListItem\",\"position\":2,\"name\":\"Ko\u0161\u00edk\"}]},{\"@type\":\"WebSite\",\"@id\":\"https:\/\/www.opravyodevu-rudna.cz\/#website\",\"url\":\"https:\/\/www.opravyodevu-rudna.cz\/\",\"name\":\"Opravyod\u011bv\u016f-Rudn\u00e1\",\"description\":\"\",\"publisher\":{\"@id\":\"https:\/\/www.opravyodevu-rudna.cz\/#organization\"},\"potentialAction\":[{\"@type\":\"SearchAction\",\"target\":{\"@type\":\"EntryPoint\",\"urlTemplate\":\"https:\/\/www.opravyodevu-rudna.cz\/?s={search_term_string}\"},\"query-input\":\"required name=search_term_string\"}],\"inLanguage\":\"cs\"},{\"@type\":\"Organization\",\"@id\":\"https:\/\/www.opravyodevu-rudna.cz\/#organization\",\"name\":\"Opravyod\u011bv\u016f-Rudn\u00e1\",\"url\":\"https:\/\/www.opravyodevu-rudna.cz\/\",\"logo\":{\"@type\":\"ImageObject\",\"inLanguage\":\"cs\",\"@id\":\"https:\/\/www.opravyodevu-rudna.cz\/#\/schema\/logo\/image\/\",\"url\":\"https:\/\/www.opravyodevu-rudna.cz\/wp-content\/uploads\/2019\/01\/logo-opravy-2019-s-\u010dern\u00fdm-pozad\u00edm.png\",\"contentUrl\":\"https:\/\/www.opravyodevu-rudna.cz\/wp-content\/uploads\/2019\/01\/logo-opravy-2019-s-\u010dern\u00fdm-pozad\u00edm.png\",\"width\":1920,\"height\":1080,\"caption\":\"Opravyod\u011bv\u016f-Rudn\u00e1\"},\"image\":{\"@id\":\"https:\/\/www.opravyodevu-rudna.cz\/#\/schema\/logo\/image\/\"}}]}<\/script>\n<!-- \/ Yoast SEO plugin. -->","yoast_head_json":{"title":"Ko\u0161\u00edk -","robots":{"index":"index","follow":"follow","max-snippet":"max-snippet:-1","max-image-preview":"max-image-preview:large","max-video-preview":"max-video-preview:-1"},"canonical":"https:\/\/www.opravyodevu-rudna.cz\/index.php\/kosik\/","og_locale":"cs_CZ","og_type":"article","og_title":"Ko\u0161\u00edk -","og_url":"https:\/\/www.opravyodevu-rudna.cz\/index.php\/kosik\/","twitter_card":"summary_large_image","schema":{"@context":"https:\/\/schema.org","@graph":[{"@type":"WebPage","@id":"https:\/\/www.opravyodevu-rudna.cz\/index.php\/kosik\/","url":"https:\/\/www.opravyodevu-rudna.cz\/index.php\/kosik\/","name":"Ko\u0161\u00edk -","isPartOf":{"@id":"https:\/\/www.opravyodevu-rudna.cz\/#website"},"datePublished":"2020-03-21T14:38:56+00:00","dateModified":"2020-03-21T14:38:56+00:00","breadcrumb":{"@id":"https:\/\/www.opravyodevu-rudna.cz\/index.php\/kosik\/#breadcrumb"},"inLanguage":"cs","potentialAction":[{"@type":"ReadAction","target":["https:\/\/www.opravyodevu-rudna.cz\/index.php\/kosik\/"]}]},{"@type":"BreadcrumbList","@id":"https:\/\/www.opravyodevu-rudna.cz\/index.php\/kosik\/#breadcrumb","itemListElement":[{"@type":"ListItem","position":1,"name":"Dom\u016f","item":"https:\/\/www.opravyodevu-rudna.cz\/"},{"@type":"ListItem","position":2,"name":"Ko\u0161\u00edk"}]},{"@type":"WebSite","@id":"https:\/\/www.opravyodevu-rudna.cz\/#website","url":"https:\/\/www.opravyodevu-rudna.cz\/","name":"Opravyod\u011bv\u016f-Rudn\u00e1","description":"","publisher":{"@id":"https:\/\/www.opravyodevu-rudna.cz\/#organization"},"potentialAction":[{"@type":"SearchAction","target":{"@type":"EntryPoint","urlTemplate":"https:\/\/www.opravyodevu-rudna.cz\/?s={search_term_string}"},"query-input":"required name=search_term_string"}],"inLanguage":"cs"},{"@type":"Organization","@id":"https:\/\/www.opravyodevu-rudna.cz\/#organization","name":"Opravyod\u011bv\u016f-Rudn\u00e1","url":"https:\/\/www.opravyodevu-rudna.cz\/","logo":{"@type":"ImageObject","inLanguage":"cs","@id":"https:\/\/www.opravyodevu-rudna.cz\/#\/schema\/logo\/image\/","url":"https:\/\/www.opravyodevu-rudna.cz\/wp-content\/uploads\/2019\/01\/logo-opravy-2019-s-\u010dern\u00fdm-pozad\u00edm.png","contentUrl":"https:\/\/www.opravyodevu-rudna.cz\/wp-content\/uploads\/2019\/01\/logo-opravy-2019-s-\u010dern\u00fdm-pozad\u00edm.png","width":1920,"height":1080,"caption":"Opravyod\u011bv\u016f-Rudn\u00e1"},"image":{"@id":"https:\/\/www.opravyodevu-rudna.cz\/#\/schema\/logo\/image\/"}}]}},"_links":{"self":[{"href":"https:\/\/www.opravyodevu-rudna.cz\/index.php\/wp-json\/wp\/v2\/pages\/1894"}],"collection":[{"href":"https:\/\/www.opravyodevu-rudna.cz\/index.php\/wp-json\/wp\/v2\/pages"}],"about":[{"href":"https:\/\/www.opravyodevu-rudna.cz\/index.php\/wp-json\/wp\/v2\/types\/page"}],"author":[{"embeddable":true,"href":"https:\/\/www.opravyodevu-rudna.cz\/index.php\/wp-json\/wp\/v2\/users\/1"}],"replies":[{"embeddable":true,"href":"https:\/\/www.opravyodevu-rudna.cz\/index.php\/wp-json\/wp\/v2\/comments?post=1894"}],"version-history":[{"count":0,"href":"https:\/\/www.opravyodevu-rudna.cz\/index.php\/wp-json\/wp\/v2\/pages\/1894\/revisions"}],"wp:attachment":[{"href":"https:\/\/www.opravyodevu-rudna.cz\/index.php\/wp-json\/wp\/v2\/media?parent=1894"}],"curies":[{"name":"wp","href":"https:\/\/api.w.org\/{rel}","templated":true}]}}