{"id":1761,"date":"2019-04-02T18:35:10","date_gmt":"2019-04-02T18:35:10","guid":{"rendered":"https:\/\/www.opravyodevu-rudna.cz\/?page_id=1761"},"modified":"2019-04-02T19:14:25","modified_gmt":"2019-04-02T19:14:25","slug":"velikonocni-vence","status":"publish","type":"page","link":"https:\/\/www.opravyodevu-rudna.cz\/index.php\/velikonocni-vence\/","title":{"rendered":"Velikono\u010dn\u00ed v\u011bnce"},"content":{"rendered":"\t\t<div data-elementor-type=\"wp-post\" data-elementor-id=\"1761\" class=\"elementor elementor-1761\">\n\t\t\t\t\t\t<div class=\"elementor-inner\">\n\t\t\t\t<div class=\"elementor-section-wrap\">\n\t\t\t\t\t\t\t\t\t<section class=\"elementor-section elementor-top-section elementor-element elementor-element-a4797aa elementor-section-boxed elementor-section-height-default elementor-section-height-default\" data-id=\"a4797aa\" data-element_type=\"section\">\n\t\t\t\t\t\t<div class=\"elementor-container elementor-column-gap-default\">\n\t\t\t\t\t\t\t<div class=\"elementor-row\">\n\t\t\t\t\t<div class=\"elementor-column elementor-col-100 elementor-top-column elementor-element elementor-element-9eacd71\" data-id=\"9eacd71\" data-element_type=\"column\">\n\t\t\t<div class=\"elementor-column-wrap elementor-element-populated\">\n\t\t\t\t\t\t\t<div class=\"elementor-widget-wrap\">\n\t\t\t\t\t\t<div class=\"elementor-element elementor-element-0eeaec6 elementor-widget-divider--view-line elementor-widget elementor-widget-divider\" data-id=\"0eeaec6\" data-element_type=\"widget\" data-widget_type=\"divider.default\">\n\t\t\t\t<div class=\"elementor-widget-container\">\n\t\t\t\t\t<div class=\"elementor-divider\">\n\t\t\t<span class=\"elementor-divider-separator\">\n\t\t\t\t\t\t<\/span>\n\t\t<\/div>\n\t\t\t\t<\/div>\n\t\t\t\t<\/div>\n\t\t\t\t\t\t<\/div>\n\t\t\t\t\t<\/div>\n\t\t<\/div>\n\t\t\t\t\t\t\t\t<\/div>\n\t\t\t\t\t<\/div>\n\t\t<\/section>\n\t\t\t\t<section class=\"elementor-section elementor-top-section elementor-element elementor-element-2f5f979 elementor-section-boxed elementor-section-height-default elementor-section-height-default\" data-id=\"2f5f979\" data-element_type=\"section\">\n\t\t\t\t\t\t<div class=\"elementor-container elementor-column-gap-default\">\n\t\t\t\t\t\t\t<div class=\"elementor-row\">\n\t\t\t\t\t<div class=\"elementor-column elementor-col-100 elementor-top-column elementor-element elementor-element-b6f419e\" data-id=\"b6f419e\" data-element_type=\"column\">\n\t\t\t<div class=\"elementor-column-wrap elementor-element-populated\">\n\t\t\t\t\t\t\t<div class=\"elementor-widget-wrap\">\n\t\t\t\t\t\t\t\t<\/div>\n\t\t\t\t\t<\/div>\n\t\t<\/div>\n\t\t\t\t\t\t\t\t<\/div>\n\t\t\t\t\t<\/div>\n\t\t<\/section>\n\t\t\t\t<section class=\"elementor-section elementor-top-section elementor-element elementor-element-44f3cc1 elementor-section-boxed elementor-section-height-default elementor-section-height-default\" data-id=\"44f3cc1\" data-element_type=\"section\">\n\t\t\t\t\t\t<div class=\"elementor-container elementor-column-gap-default\">\n\t\t\t\t\t\t\t<div class=\"elementor-row\">\n\t\t\t\t\t<div class=\"elementor-column elementor-col-100 elementor-top-column elementor-element elementor-element-03fe860\" data-id=\"03fe860\" data-element_type=\"column\">\n\t\t\t<div class=\"elementor-column-wrap elementor-element-populated\">\n\t\t\t\t\t\t\t<div class=\"elementor-widget-wrap\">\n\t\t\t\t\t\t<div class=\"elementor-element elementor-element-e2b8543 elementor-widget-divider--view-line elementor-widget elementor-widget-divider\" data-id=\"e2b8543\" data-element_type=\"widget\" data-widget_type=\"divider.default\">\n\t\t\t\t<div class=\"elementor-widget-container\">\n\t\t\t\t\t<div class=\"elementor-divider\">\n\t\t\t<span class=\"elementor-divider-separator\">\n\t\t\t\t\t\t<\/span>\n\t\t<\/div>\n\t\t\t\t<\/div>\n\t\t\t\t<\/div>\n\t\t\t\t\t\t<\/div>\n\t\t\t\t\t<\/div>\n\t\t<\/div>\n\t\t\t\t\t\t\t\t<\/div>\n\t\t\t\t\t<\/div>\n\t\t<\/section>\n\t\t\t\t\t\t\t\t\t<\/div>\n\t\t\t<\/div>\n\t\t\t\t\t<\/div>\n\t\t","protected":false},"excerpt":{"rendered":"<p>Smart Slider with ID: 2<\/p>\n","protected":false},"author":1,"featured_media":0,"parent":0,"menu_order":0,"comment_status":"closed","ping_status":"closed","template":"elementor_canvas","meta":{"site-sidebar-layout":"no-sidebar","site-content-layout":"page-builder","ast-global-header-display":"","ast-main-header-display":"","ast-hfb-above-header-display":"","ast-hfb-below-header-display":"","ast-hfb-mobile-header-display":"","site-post-title":"disabled","ast-breadcrumbs-content":"","ast-featured-img":"disabled","footer-sml-layout":"","theme-transparent-header-meta":"default","adv-header-id-meta":"","stick-header-meta":"","header-above-stick-meta":"","header-main-stick-meta":"","header-below-stick-meta":""},"yoast_head":"<!-- This site is optimized with the Yoast SEO plugin v20.1 - https:\/\/yoast.com\/wordpress\/plugins\/seo\/ -->\n<title>Velikono\u010dn\u00ed v\u011bnce -<\/title>\n<meta name=\"robots\" content=\"index, follow, max-snippet:-1, max-image-preview:large, max-video-preview:-1\" \/>\n<link rel=\"canonical\" href=\"https:\/\/www.opravyodevu-rudna.cz\/index.php\/velikonocni-vence\/\" \/>\n<meta property=\"og:locale\" content=\"cs_CZ\" \/>\n<meta property=\"og:type\" content=\"article\" \/>\n<meta property=\"og:title\" content=\"Velikono\u010dn\u00ed v\u011bnce -\" \/>\n<meta property=\"og:description\" content=\"Smart Slider with ID: 2\" \/>\n<meta property=\"og:url\" content=\"https:\/\/www.opravyodevu-rudna.cz\/index.php\/velikonocni-vence\/\" \/>\n<meta property=\"article:modified_time\" content=\"2019-04-02T19:14:25+00:00\" \/>\n<meta name=\"twitter:card\" content=\"summary_large_image\" \/>\n<script type=\"application\/ld+json\" class=\"yoast-schema-graph\">{\"@context\":\"https:\/\/schema.org\",\"@graph\":[{\"@type\":\"WebPage\",\"@id\":\"https:\/\/www.opravyodevu-rudna.cz\/index.php\/velikonocni-vence\/\",\"url\":\"https:\/\/www.opravyodevu-rudna.cz\/index.php\/velikonocni-vence\/\",\"name\":\"Velikono\u010dn\u00ed v\u011bnce -\",\"isPartOf\":{\"@id\":\"https:\/\/www.opravyodevu-rudna.cz\/#website\"},\"datePublished\":\"2019-04-02T18:35:10+00:00\",\"dateModified\":\"2019-04-02T19:14:25+00:00\",\"breadcrumb\":{\"@id\":\"https:\/\/www.opravyodevu-rudna.cz\/index.php\/velikonocni-vence\/#breadcrumb\"},\"inLanguage\":\"cs\",\"potentialAction\":[{\"@type\":\"ReadAction\",\"target\":[\"https:\/\/www.opravyodevu-rudna.cz\/index.php\/velikonocni-vence\/\"]}]},{\"@type\":\"BreadcrumbList\",\"@id\":\"https:\/\/www.opravyodevu-rudna.cz\/index.php\/velikonocni-vence\/#breadcrumb\",\"itemListElement\":[{\"@type\":\"ListItem\",\"position\":1,\"name\":\"Dom\u016f\",\"item\":\"https:\/\/www.opravyodevu-rudna.cz\/\"},{\"@type\":\"ListItem\",\"position\":2,\"name\":\"Velikono\u010dn\u00ed v\u011bnce\"}]},{\"@type\":\"WebSite\",\"@id\":\"https:\/\/www.opravyodevu-rudna.cz\/#website\",\"url\":\"https:\/\/www.opravyodevu-rudna.cz\/\",\"name\":\"Opravyod\u011bv\u016f-Rudn\u00e1\",\"description\":\"\",\"publisher\":{\"@id\":\"https:\/\/www.opravyodevu-rudna.cz\/#organization\"},\"potentialAction\":[{\"@type\":\"SearchAction\",\"target\":{\"@type\":\"EntryPoint\",\"urlTemplate\":\"https:\/\/www.opravyodevu-rudna.cz\/?s={search_term_string}\"},\"query-input\":\"required name=search_term_string\"}],\"inLanguage\":\"cs\"},{\"@type\":\"Organization\",\"@id\":\"https:\/\/www.opravyodevu-rudna.cz\/#organization\",\"name\":\"Opravyod\u011bv\u016f-Rudn\u00e1\",\"url\":\"https:\/\/www.opravyodevu-rudna.cz\/\",\"logo\":{\"@type\":\"ImageObject\",\"inLanguage\":\"cs\",\"@id\":\"https:\/\/www.opravyodevu-rudna.cz\/#\/schema\/logo\/image\/\",\"url\":\"https:\/\/www.opravyodevu-rudna.cz\/wp-content\/uploads\/2019\/01\/logo-opravy-2019-s-\u010dern\u00fdm-pozad\u00edm.png\",\"contentUrl\":\"https:\/\/www.opravyodevu-rudna.cz\/wp-content\/uploads\/2019\/01\/logo-opravy-2019-s-\u010dern\u00fdm-pozad\u00edm.png\",\"width\":1920,\"height\":1080,\"caption\":\"Opravyod\u011bv\u016f-Rudn\u00e1\"},\"image\":{\"@id\":\"https:\/\/www.opravyodevu-rudna.cz\/#\/schema\/logo\/image\/\"}}]}<\/script>\n<!-- \/ Yoast SEO plugin. -->","yoast_head_json":{"title":"Velikono\u010dn\u00ed v\u011bnce -","robots":{"index":"index","follow":"follow","max-snippet":"max-snippet:-1","max-image-preview":"max-image-preview:large","max-video-preview":"max-video-preview:-1"},"canonical":"https:\/\/www.opravyodevu-rudna.cz\/index.php\/velikonocni-vence\/","og_locale":"cs_CZ","og_type":"article","og_title":"Velikono\u010dn\u00ed v\u011bnce -","og_description":"Smart Slider with ID: 2","og_url":"https:\/\/www.opravyodevu-rudna.cz\/index.php\/velikonocni-vence\/","article_modified_time":"2019-04-02T19:14:25+00:00","twitter_card":"summary_large_image","schema":{"@context":"https:\/\/schema.org","@graph":[{"@type":"WebPage","@id":"https:\/\/www.opravyodevu-rudna.cz\/index.php\/velikonocni-vence\/","url":"https:\/\/www.opravyodevu-rudna.cz\/index.php\/velikonocni-vence\/","name":"Velikono\u010dn\u00ed v\u011bnce -","isPartOf":{"@id":"https:\/\/www.opravyodevu-rudna.cz\/#website"},"datePublished":"2019-04-02T18:35:10+00:00","dateModified":"2019-04-02T19:14:25+00:00","breadcrumb":{"@id":"https:\/\/www.opravyodevu-rudna.cz\/index.php\/velikonocni-vence\/#breadcrumb"},"inLanguage":"cs","potentialAction":[{"@type":"ReadAction","target":["https:\/\/www.opravyodevu-rudna.cz\/index.php\/velikonocni-vence\/"]}]},{"@type":"BreadcrumbList","@id":"https:\/\/www.opravyodevu-rudna.cz\/index.php\/velikonocni-vence\/#breadcrumb","itemListElement":[{"@type":"ListItem","position":1,"name":"Dom\u016f","item":"https:\/\/www.opravyodevu-rudna.cz\/"},{"@type":"ListItem","position":2,"name":"Velikono\u010dn\u00ed v\u011bnce"}]},{"@type":"WebSite","@id":"https:\/\/www.opravyodevu-rudna.cz\/#website","url":"https:\/\/www.opravyodevu-rudna.cz\/","name":"Opravyod\u011bv\u016f-Rudn\u00e1","description":"","publisher":{"@id":"https:\/\/www.opravyodevu-rudna.cz\/#organization"},"potentialAction":[{"@type":"SearchAction","target":{"@type":"EntryPoint","urlTemplate":"https:\/\/www.opravyodevu-rudna.cz\/?s={search_term_string}"},"query-input":"required name=search_term_string"}],"inLanguage":"cs"},{"@type":"Organization","@id":"https:\/\/www.opravyodevu-rudna.cz\/#organization","name":"Opravyod\u011bv\u016f-Rudn\u00e1","url":"https:\/\/www.opravyodevu-rudna.cz\/","logo":{"@type":"ImageObject","inLanguage":"cs","@id":"https:\/\/www.opravyodevu-rudna.cz\/#\/schema\/logo\/image\/","url":"https:\/\/www.opravyodevu-rudna.cz\/wp-content\/uploads\/2019\/01\/logo-opravy-2019-s-\u010dern\u00fdm-pozad\u00edm.png","contentUrl":"https:\/\/www.opravyodevu-rudna.cz\/wp-content\/uploads\/2019\/01\/logo-opravy-2019-s-\u010dern\u00fdm-pozad\u00edm.png","width":1920,"height":1080,"caption":"Opravyod\u011bv\u016f-Rudn\u00e1"},"image":{"@id":"https:\/\/www.opravyodevu-rudna.cz\/#\/schema\/logo\/image\/"}}]}},"_links":{"self":[{"href":"https:\/\/www.opravyodevu-rudna.cz\/index.php\/wp-json\/wp\/v2\/pages\/1761"}],"collection":[{"href":"https:\/\/www.opravyodevu-rudna.cz\/index.php\/wp-json\/wp\/v2\/pages"}],"about":[{"href":"https:\/\/www.opravyodevu-rudna.cz\/index.php\/wp-json\/wp\/v2\/types\/page"}],"author":[{"embeddable":true,"href":"https:\/\/www.opravyodevu-rudna.cz\/index.php\/wp-json\/wp\/v2\/users\/1"}],"replies":[{"embeddable":true,"href":"https:\/\/www.opravyodevu-rudna.cz\/index.php\/wp-json\/wp\/v2\/comments?post=1761"}],"version-history":[{"count":7,"href":"https:\/\/www.opravyodevu-rudna.cz\/index.php\/wp-json\/wp\/v2\/pages\/1761\/revisions"}],"predecessor-version":[{"id":1774,"href":"https:\/\/www.opravyodevu-rudna.cz\/index.php\/wp-json\/wp\/v2\/pages\/1761\/revisions\/1774"}],"wp:attachment":[{"href":"https:\/\/www.opravyodevu-rudna.cz\/index.php\/wp-json\/wp\/v2\/media?parent=1761"}],"curies":[{"name":"wp","href":"https:\/\/api.w.org\/{rel}","templated":true}]}}